uppose 3*w - 24 + s = -2*u, -3*w = 4*u - 24. Let f(p) = 6*p**2 + 2*p**u - p**3 + 5 - 2 + 0. Give f(-6).
3
Let c(z) be the first derivative of z**2/2 - 11*z + 17. What is c(0)?
-11
Let h(l) be the second derivative of l**3/6 + 15*l**2/2 + 196*l. What is h(-15)?
0
Let w(g) = g**2 + 11*g - 12. Let x be 4 + (-62)/4 + 3/6. Calculate w(x).
-12
Suppose -u - 2*z = 2 + 9, 0 = -3*u + 2*z - 9. Let s(o) = o**3 + 5*o**2 + o + 5. Give s(u).
0
Let j(h) = 1 - 2 + 224*h - 216*h + 6*h**2 + h**3. Let k(r) = 3*r**3 + 13*r**2 + 17*r - 3. Let l(m) = 5*j(m) - 2*k(m). Determine l(5).
6
Let u(o) = -3 - 5*o - 5 - 3 + 3*o + 2. Give u(-14).
19
Let t(j) = 7*j**2 + j + 1. Let f be ((-4)/(-1))/(10/(-15)). Let h be (-8)/6 - (-1)/f*-2. What is t(h)?
7
Let y be ((-717)/2 + 2)*-2. Let m(f) = -718 - f + 0*f + y. Suppose -g = 3 + 4. Determine m(g).
2
Suppose -2*f = -6*f + 8. Suppose 3*p - f = 2*w - 6*w, -28 = -4*p + w. Suppose 0 = 5*l - 11 + p. Let r(m) = -12*m**2 + 2*m - 1. Calculate r(l).
-11
Let d(m) = -5*m - 4. Let b(x) = x**3 - 5*x**2 - 6*x - 7. Let z be b(6). Let s(t) = 3*t + 2. Let k(a) = z*s(a) - 4*d(a). Let q be (18/4)/(6/8). Give k(q).
-4
Let u be (-1)/2*1*(65 + -67). Let s(m) = -9*m - 8*m + 1 - 4*m + 19*m + 7*m**2. Calculate s(u).
6
Let g(c) = -c**3 - 8*c**2 - 8*c - 6. Let y = -14 + 7. Let x be g(y). Let b(w) = -w + 343 - 8*w**2 - 169 - 173. Give b(x).
-8
Suppose -79*f - 20 = -83*f, -2*f - 25 = 5*b. Let o(c) = -c**2 + c + 12. Determine o(b).
-44
Let h(q) = -q + 1. Let p(j) = -133 - 3*j + 0*j + 129. Let r(g) = 4*h(g) - p(g). Determine r(10).
-2
Let v(w) = 9*w**2 - 58*w + 19. Let u be v(6). Let m(j) = 2*j**2 + 8*j + 5. Calculate m(u).
15
Let t(u) be the second derivative of u**4/12 + u**3 + 2*u**2 - 12*u - 3. Give t(-3).
-5
Let z(f) = -6*f + 3*f + 76 - f**2 - 5*f - 81. Suppose -m - 66 = -62. Calculate z(m).
11
Let f(k) = -9*k**2 + k. Suppose 5*d + 35 = 40. Determine f(d).
-8
Let n(u) = -6*u**3 - 4*u**2 + u - 1. Let z(v) be the third derivative of -7*v**6/120 - v**5/15 - v**3/6 - 21*v**2. Let h(m) = 6*n(m) - 5*z(m). What is h(-5)?
-6
Let k(q) be the third derivative of q**4/24 - 8*q**3/3 - q**2 - 25*q. Determine k(7).
-9
Let u(x) = -4*x**3 + 10*x**2 + 7*x - 3. Let o(c) = 2*c**2 + c - 2. Let r(n) = -3*o(n) + u(n). What is r(-2)?
43
Let j(h) = 2*h**2 + 2*h - 5. Suppose 27*k + 80 = 7*k. Determine j(k).
19
Let c(r) = 160*r - 817. Let o be c(5). Let k(v) = v**3 + 15*v**2 - 33*v + 21. Determine k(o).
4
Suppose -8 - 14 = -11*w. Let y(k) = 2*k + 3*k**w - 4*k**2 + 5*k - 4 + 1. What is y(5)?
7
Let i(w) = w**3 + w**2 + 4. Let f(a) = -3*a + 42. Let d(m) = -m**3 + 4*m**2 + 5*m - 6. Let p be d(4). Let l be f(p). What is i(l)?
4
Let m(i) = -i**2 + 6*i + 1. Suppose 3*t + 10 = -8. Let y = -2 - t. Let d = y - -2. Give m(d).
1
Let p(u) be the third derivative of -u**6/120 - u**5/10 + u**4/24 - 7*u**2. Let j be p(-6). Let k(m) = m**3 + 7*m**2 + 6*m - 5. Give k(j).
-5
Let f(b) = 7*b**2 - 8*b - 1 + 16*b - 6*b. Let k(h) = h**2. Let q(x) = f(x) - 6*k(x). Suppose 2*p - 1 - 1 = 0. Calculate q(p).
2
Let w(j) = -15249*j**2 + 5084*j**2 + 5084*j**2 + 5078*j**2 - 4*j + 3*j. Let d(q) = q**3 + 4*q**2 - q - 5. Let t be d(-4). Give w(t).
-2
Suppose -2*q + 2 = 3*d, 5*q - 5 = 5*d - 0*d. Let j(s) = 4*s - 5*s - 3 + 0. Give j(d).
-3
Suppose -219*h = -178*h - 328. Let p(j) = -2*j**2 + 16*j + 2. What is p(h)?
2
Let i(j) be the first derivative of j**4/24 - 3*j**3/2 + 7*j**2/2 + 5. Let h(c) be the second derivative of i(c). What is h(10)?
1
Let a(o) = -o**2 - 4*o + 1. Let t be a(-4). Suppose -7*u + 3*u + 12 = -j, 8 = -2*j. Let b(z) = 34*z + 2*z**2 - 33*z + 7*z**u. Give b(t).
10
Suppose -2 = 2*n - 10. Let k(j) = j**3 - n + 2*j - 4*j - 3*j + 3*j**2. Determine k(-4).
0
Let a(i) = 9*i**3 - 3*i**2 - 6*i - 8. Let r(q) = -4*q**3 + 2*q**2 + 2*q + 4. Let n(b) = -3*a(b) - 7*r(b). Calculate n(5).
16
Let f = -80 - -76. Let n(y) be the third derivative of 0 + 1/120*y**6 - y**2 + 0*y - 1/3*y**3 - 5/24*y**4 + 1/20*y**5. Give n(f).
2
Let p(s) = -3476*s - 5 + 3477*s + 15. Determine p(-6).
4
Let i = -25 + 26. Let w(m) = m**3 - m**2 - m + 1. Let a(z) = z**3 + 4*z**2 - 5*z + 4. Let g(s) = i*a(s) - 2*w(s). Determine g(6).
-16
Let u(z) be the second derivative of z**3/6 - 13*z**2/2 + z - 6. Calculate u(9).
-4
Suppose 0 = -19*j + 14*j + 20. Suppose -j = -10*q + 6*q. Let v(l) = 2*l**2 - l. Calculate v(q).
1
Let n(c) be the first derivative of 3*c**2/2 + 3*c + 15. What is n(-3)?
-6
Let n(h) = 2*h**3 - h**2 + 2*h - 5. Let k(c) = c**3 - 2*c - 1. Let q be k(-1). Let a be n(q). Let d(s) = s**3 + 4*s**2 - 5*s. Give d(a).
0
Suppose -5*s + 5*w = 65, 6*s - s + 67 = 4*w. Let a be (0 - (-10)/s)*-3. Let p(o) = 2 - 2*o + o**2 - o**3 + 0*o**3 + 2*o**2. Calculate p(a).
2
Let j = 494 - 196. Let f(q) = 2 + j*q + 4 - 296*q. What is f(-6)?
-6
Let u(w) = w**3 + w + 4. Let b(y) = y**3 - 19*y**2 - y + 19. Let r = 7 - -12. Let s be b(r). Give u(s).
4
Let y be -5*2/(-1) + -1. Let h(v) = -3 - 7*v + 3*v - y. Calculate h(-8).
20
Let u(g) be the first derivative of 13/2*g**2 + g + 9. Calculate u(-1).
-12
Let k(r) = 2*r + 25. Let i(f) = -f - 12. Let l(n) = -13*i(n) - 6*k(n). Let s be l(-4). Let p(a) = 3*a**2 - 2*a**2 - 5*a + s*a + 1. What is p(4)?
5
Suppose -4*x = k, -k - 2*k = -4*x. Let l(j) = 8 - j - 4 + k*j - 2. Let b = 6 + -2. What is l(b)?
-2
Let t(x) be the third derivative of 0*x + 21*x**2 - 1/24*x**4 + 2/3*x**3 + 0 - 1/120*x**6 + 0*x**5. Give t(0).
4
Let f(r) = 6*r**2 - 9. Let t(w) = w + 4. Let a(x) = -f(x) - 2*t(x). Determine a(-2).
-19
Let l be (-306)/(-4) + (-3 - (-9)/6). Let t = -74 + l. Let y(h) = 5*h**3 - 2*h + 1. Calculate y(t).
4
Let t(z) = 47*z**2 - 9*z + 4. Let n(o) = -22*o**2 + 4*o - 2. Let l(d) = 7*n(d) + 3*t(d). Calculate l(1).
-14
Let o(w) = w + 21. Let a(x) = 3*x - 12. Let b be a(6). Let u be 12/42 + b/(-21). Give o(u).
21
Let j be ((-8)/(-2) - 2)/(-33 - -34). Let u(g) = -10*g + 3. Determine u(j).
-17
Let x be ((-45)/54)/((-5)/3)*8. Let m(d) = -8*d - 1. What is m(x)?
-33
Let x(j) = j**2 - 2*j**3 + 3*j - j + j + 3*j**3 + 2*j**3 + 2. Determine x(-2).
-24
Suppose 0 = 5*a - 4 - 11. Suppose 3*k - 8 = 2*r, -2*k + 24 = a*k + 2*r. Let f(c) = -3*c - c - k + 8*c - c**2. Calculate f(4).
-4
Suppose -1087*s + 1073*s + 280 = 0. Let t(a) = a**2 - 21*a + 15. Calculate t(s).
-5
Let g be 1 + (-222)/9 - (-2)/(-6). Let p = 19 + g. Let a(h) = h**3 + 4*h**2 - 7*h + 1. Give a(p).
11
Let l(n) = 6*n + 8*n + n**2 - 17*n + 12 - 7*n. Give l(10).
12
Let l(d) = -8*d - 1. Suppose f + 2*f = 6. Suppose -v - 2*u = 4, -6 = -f*v + u + 6. Suppose -w - 4 = -3*x + 4*x, -v = -2*w + 2*x. Calculate l(w).
7
Let f(g) be the third derivative of g**4/8 - 7*g**3/6 + 389*g**2. Suppose 0*u = 4*u - 20. Determine f(u).
8
Let g(c) be the second derivative of 2*c**3/3 - 5*c**2/2 + 5*c - 16. Calculate g(3).
7
Let u(c) = -c + 1. Suppose -2*m = 2*r + r + 19, 3*r - 5 = m. Calculate u(m).
9
Let z(x) = -385 - x + 374 + 0*x. Calculate z(-6).
-5
Let a(n) be the first derivative of n**3/3 - 9*n**2/2 + 4*n - 70. Let i be ((-2)/6)/(2/(-36)). Give a(i).
-14
Suppose -43*j + 48*j - 25 = 0. Let r(c) = c**2 + 4 + 2*c - 10*c - 2 + j. Give r(6).
-5
Let u be 26 - (4/4)/(-1). Let v = 26 - u. Let l(g) = 7*g**2 + g + 1. Calculate l(v).
7
Let a(o) = -3*o - 3. Suppose -3*q = -0*q + m - 3, 0 = 3*m. Let t be (11/(-22))/(q/6). Give a(t).
6
Suppose -5*t - 4*p - 2 = -23, -5*p = 2*t - 5. Suppose -58 = -4*o - o + 4*z, 5*z = -10. Suppose t*b = 5*i + o, b = 4*i - b + 12. Let l(j) = -j. Give l(i).
4
Let z(f) = 2*f + 39 - f**3 - 25*f**2 + 42 + 74 - 115. Determine z(-25).
-10
Let d = 1 + 3. Let i(m) = d + m**2 + 0*m + 0*m - 4*m. Suppose 0 = -3*j - b - 5 + 14, -2*b = -4*j + 12. Determine i(j).
1
Let t = 143 + -29. Let j be 2/9 + t/(-27). Let s(m) = -13*m - 10. Let y(c) = -15*c - 11. Let a(h) = -7*s(h) + 6*y(h). Calculate a(j).
0
Let j(q) = -262*q + 268*q + q**2 - 10 - 3*q**2 - 1 + 3*q**2. Give j(-11).
44
Let g(m) be the second derivative of -3*m**3/2 - 13*m**2/2 - 3*m. Let q(n) = 13*n + 20. Let u(t) = -7*g(t) - 5*q(t). Determine u(-7).
5
Let c(k) = -73*k**2 + 72*k**2 - 13 + 4 - 9*k. Calculate c(-8).
-1
Let m(w) = -w**2 + 11*w + 3. Suppose -l + 2*i + 16 = -0*i, 4*l + 3*i - 31 = 0. Give m(l).
13
Let x(b) = -3*b - 1. Suppose -2*y - 4 = -0. What is x(y)?
5
Let g(t) = -t**2 - t + 12. Let n be g(0). Let l = n + -6. Let s be l/(3/(-2